{"id":204,"date":"2022-01-23T18:48:46","date_gmt":"2022-01-23T17:48:46","guid":{"rendered":"https:\/\/aufildeno.com\/?post_type=product&#038;p=204"},"modified":"2025-12-20T14:31:55","modified_gmt":"2025-12-20T13:31:55","slug":"filet-a-savons","status":"publish","type":"product","link":"https:\/\/aufildeno.com\/index.php\/product\/filet-a-savons\/","title":{"rendered":"Filet \u00e0 savons"},"content":{"rendered":"<p>Agr\u00e9ment\u00e9 d&rsquo;un petit cordon, vous pourrez facilement suspendre votre filet \u00e0 savons \u00e0 votre colonne de douche.<\/p>\n<p>Toutes nos cr\u00e9ations sont r\u00e9alis\u00e9es \u00e0 la main dans notre atelier du vignoble nantais.<\/p>\n<p>Nous restons \u00e0 votre \u00e9coute pour toute personnalisation de produits (tissus, coloris, &#8230;).<\/p>\n<p><strong>TISSU ET ENTRETIEN<\/strong><\/p>\n<p>Filet de coton et coton. Le stop-cordon est en plastique.<\/p>\n<p>Nos filets \u00e0 savons peuvent \u00eatre lav\u00e9s en machine \u00e0 40\u00b0.<\/p>\n<p>Il est fortement recommand\u00e9 de laver les produits avant toute premi\u00e8re utilisation.<\/p>\n","protected":false},"excerpt":{"rendered":"<p>Si toi aussi tu te laves avec un savon solide alors tu connais s\u00fbrement les gal\u00e8res du savon qui te glisse des mains ou encore des chutes de savon impossible \u00e0 finir car trop petites &#8230;\u00a0Notre filet est la solution \u00e0 tes gal\u00e8res de savon !<\/p>\n<p>Glisse ton savon dedans et savonne toi avec. Les avantages ?<\/p>\n<ul>\n<li>Fini le savon qui glisse, le filet te permet une meilleure prise en main ;<\/li>\n<li>Il ne sera plus un probl\u00e8me de finir tes chutes de savon, toujours gr\u00e2ce \u00e0 la prise en main facilit\u00e9e par l&rsquo;utilisation du filet ;<\/li>\n<li>Et petit bonus pour l&rsquo;aspect \u00ab\u00a0gommant\u00a0\u00bb du filet qui exfoliera ta peau \u00e0 merveille !<\/li>\n<\/ul>\n","protected":false},"featured_media":838,"comment_status":"open","ping_status":"closed","template":"","meta":[],"product_brand":[],"product_cat":[34],"product_tag":[],"class_list":{"0":"post-204","1":"product","2":"type-product","3":"status-publish","4":"has-post-thumbnail","6":"product_cat-dans-la-salle-de-bain","8":"first","9":"instock","10":"shipping-taxable","11":"purchasable","12":"product-type-variable"},"yoast_head":"<!-- This site is optimized with the Yoast SEO plugin v27.4 - https:\/\/yoast.com\/product\/yoast-seo-wordpress\/ -->\n<title>Filet \u00e0 savons - Au Fil d&#039;Eno<\/title>\n<meta name=\"description\" content=\"Le filet \u00e0 savons c&#039;est la solution \u00e0 tous vos probl\u00e8me de gal\u00e8res de savons ! Fini le savon qui glisse ou les chutes de savons inutilisable.\" \/>\n<meta name=\"robots\" content=\"index, follow, max-snippet:-1, max-image-preview:large, max-video-preview:-1\" \/>\n<link rel=\"canonical\" href=\"https:\/\/aufildeno.com\/index.php\/product\/filet-a-savons\/\" \/>\n<meta property=\"og:locale\" content=\"fr_FR\" \/>\n<meta property=\"og:type\" content=\"article\" \/>\n<meta property=\"og:title\" content=\"Filet \u00e0 savons - Au Fil d&#039;Eno\" \/>\n<meta property=\"og:description\" content=\"Le filet \u00e0 savons c&#039;est la solution \u00e0 tous vos probl\u00e8me de gal\u00e8res de savons ! Fini le savon qui glisse ou les chutes de savons inutilisable.\" \/>\n<meta property=\"og:url\" content=\"https:\/\/aufildeno.com\/index.php\/product\/filet-a-savons\/\" \/>\n<meta property=\"og:site_name\" content=\"Au Fil d&#039;Eno\" \/>\n<meta property=\"article:publisher\" content=\"https:\/\/www.facebook.com\/aufildenola\" \/>\n<meta property=\"article:modified_time\" content=\"2025-12-20T13:31:55+00:00\" \/>\n<meta property=\"og:image\" content=\"https:\/\/aufildeno.com\/wp-content\/uploads\/2022\/01\/Photos-produits-site-internet-11.jpg\" \/>\n\t<meta property=\"og:image:width\" content=\"2048\" \/>\n\t<meta property=\"og:image:height\" content=\"1536\" \/>\n\t<meta property=\"og:image:type\" content=\"image\/jpeg\" \/>\n<meta name=\"twitter:card\" content=\"summary_large_image\" \/>\n<meta name=\"twitter:label1\" content=\"Dur\u00e9e de lecture estim\u00e9e\" \/>\n\t<meta name=\"twitter:data1\" content=\"1 minute\" \/>\n<script type=\"application\/ld+json\" class=\"yoast-schema-graph\">{\"@context\":\"https:\\\/\\\/schema.org\",\"@graph\":[{\"@type\":\"WebPage\",\"@id\":\"https:\\\/\\\/aufildeno.com\\\/index.php\\\/product\\\/filet-a-savons\\\/\",\"url\":\"https:\\\/\\\/aufildeno.com\\\/index.php\\\/product\\\/filet-a-savons\\\/\",\"name\":\"Filet \u00e0 savons - Au Fil d&#039;Eno\",\"isPartOf\":{\"@id\":\"https:\\\/\\\/aufildeno.com\\\/#website\"},\"primaryImageOfPage\":{\"@id\":\"https:\\\/\\\/aufildeno.com\\\/index.php\\\/product\\\/filet-a-savons\\\/#primaryimage\"},\"image\":{\"@id\":\"https:\\\/\\\/aufildeno.com\\\/index.php\\\/product\\\/filet-a-savons\\\/#primaryimage\"},\"thumbnailUrl\":\"https:\\\/\\\/aufildeno.com\\\/wp-content\\\/uploads\\\/2022\\\/01\\\/Photos-produits-site-internet-11.jpg\",\"datePublished\":\"2022-01-23T17:48:46+00:00\",\"dateModified\":\"2025-12-20T13:31:55+00:00\",\"description\":\"Le filet \u00e0 savons c'est la solution \u00e0 tous vos probl\u00e8me de gal\u00e8res de savons ! Fini le savon qui glisse ou les chutes de savons inutilisable.\",\"breadcrumb\":{\"@id\":\"https:\\\/\\\/aufildeno.com\\\/index.php\\\/product\\\/filet-a-savons\\\/#breadcrumb\"},\"inLanguage\":\"fr-FR\",\"potentialAction\":[{\"@type\":\"ReadAction\",\"target\":[\"https:\\\/\\\/aufildeno.com\\\/index.php\\\/product\\\/filet-a-savons\\\/\"]}]},{\"@type\":\"ImageObject\",\"inLanguage\":\"fr-FR\",\"@id\":\"https:\\\/\\\/aufildeno.com\\\/index.php\\\/product\\\/filet-a-savons\\\/#primaryimage\",\"url\":\"https:\\\/\\\/aufildeno.com\\\/wp-content\\\/uploads\\\/2022\\\/01\\\/Photos-produits-site-internet-11.jpg\",\"contentUrl\":\"https:\\\/\\\/aufildeno.com\\\/wp-content\\\/uploads\\\/2022\\\/01\\\/Photos-produits-site-internet-11.jpg\",\"width\":2048,\"height\":1536},{\"@type\":\"BreadcrumbList\",\"@id\":\"https:\\\/\\\/aufildeno.com\\\/index.php\\\/product\\\/filet-a-savons\\\/#breadcrumb\",\"itemListElement\":[{\"@type\":\"ListItem\",\"position\":1,\"name\":\"Home\",\"item\":\"https:\\\/\\\/aufildeno.com\\\/\"},{\"@type\":\"ListItem\",\"position\":2,\"name\":\"Shop\",\"item\":\"https:\\\/\\\/aufildeno.com\\\/index.php\\\/shop\\\/\"},{\"@type\":\"ListItem\",\"position\":3,\"name\":\"Filet \u00e0 savons\"}]},{\"@type\":\"WebSite\",\"@id\":\"https:\\\/\\\/aufildeno.com\\\/#website\",\"url\":\"https:\\\/\\\/aufildeno.com\\\/\",\"name\":\"Au Fil d&#039;Eno\",\"description\":\"\",\"potentialAction\":[{\"@type\":\"SearchAction\",\"target\":{\"@type\":\"EntryPoint\",\"urlTemplate\":\"https:\\\/\\\/aufildeno.com\\\/?s={search_term_string}\"},\"query-input\":{\"@type\":\"PropertyValueSpecification\",\"valueRequired\":true,\"valueName\":\"search_term_string\"}}],\"inLanguage\":\"fr-FR\"}]}<\/script>\n<!-- \/ Yoast SEO plugin. -->","yoast_head_json":{"title":"Filet \u00e0 savons - Au Fil d&#039;Eno","description":"Le filet \u00e0 savons c'est la solution \u00e0 tous vos probl\u00e8me de gal\u00e8res de savons ! Fini le savon qui glisse ou les chutes de savons inutilisable.","robots":{"index":"index","follow":"follow","max-snippet":"max-snippet:-1","max-image-preview":"max-image-preview:large","max-video-preview":"max-video-preview:-1"},"canonical":"https:\/\/aufildeno.com\/index.php\/product\/filet-a-savons\/","og_locale":"fr_FR","og_type":"article","og_title":"Filet \u00e0 savons - Au Fil d&#039;Eno","og_description":"Le filet \u00e0 savons c'est la solution \u00e0 tous vos probl\u00e8me de gal\u00e8res de savons ! Fini le savon qui glisse ou les chutes de savons inutilisable.","og_url":"https:\/\/aufildeno.com\/index.php\/product\/filet-a-savons\/","og_site_name":"Au Fil d&#039;Eno","article_publisher":"https:\/\/www.facebook.com\/aufildenola","article_modified_time":"2025-12-20T13:31:55+00:00","og_image":[{"width":2048,"height":1536,"url":"https:\/\/aufildeno.com\/wp-content\/uploads\/2022\/01\/Photos-produits-site-internet-11.jpg","type":"image\/jpeg"}],"twitter_card":"summary_large_image","twitter_misc":{"Dur\u00e9e de lecture estim\u00e9e":"1 minute"},"schema":{"@context":"https:\/\/schema.org","@graph":[{"@type":"WebPage","@id":"https:\/\/aufildeno.com\/index.php\/product\/filet-a-savons\/","url":"https:\/\/aufildeno.com\/index.php\/product\/filet-a-savons\/","name":"Filet \u00e0 savons - Au Fil d&#039;Eno","isPartOf":{"@id":"https:\/\/aufildeno.com\/#website"},"primaryImageOfPage":{"@id":"https:\/\/aufildeno.com\/index.php\/product\/filet-a-savons\/#primaryimage"},"image":{"@id":"https:\/\/aufildeno.com\/index.php\/product\/filet-a-savons\/#primaryimage"},"thumbnailUrl":"https:\/\/aufildeno.com\/wp-content\/uploads\/2022\/01\/Photos-produits-site-internet-11.jpg","datePublished":"2022-01-23T17:48:46+00:00","dateModified":"2025-12-20T13:31:55+00:00","description":"Le filet \u00e0 savons c'est la solution \u00e0 tous vos probl\u00e8me de gal\u00e8res de savons ! Fini le savon qui glisse ou les chutes de savons inutilisable.","breadcrumb":{"@id":"https:\/\/aufildeno.com\/index.php\/product\/filet-a-savons\/#breadcrumb"},"inLanguage":"fr-FR","potentialAction":[{"@type":"ReadAction","target":["https:\/\/aufildeno.com\/index.php\/product\/filet-a-savons\/"]}]},{"@type":"ImageObject","inLanguage":"fr-FR","@id":"https:\/\/aufildeno.com\/index.php\/product\/filet-a-savons\/#primaryimage","url":"https:\/\/aufildeno.com\/wp-content\/uploads\/2022\/01\/Photos-produits-site-internet-11.jpg","contentUrl":"https:\/\/aufildeno.com\/wp-content\/uploads\/2022\/01\/Photos-produits-site-internet-11.jpg","width":2048,"height":1536},{"@type":"BreadcrumbList","@id":"https:\/\/aufildeno.com\/index.php\/product\/filet-a-savons\/#breadcrumb","itemListElement":[{"@type":"ListItem","position":1,"name":"Home","item":"https:\/\/aufildeno.com\/"},{"@type":"ListItem","position":2,"name":"Shop","item":"https:\/\/aufildeno.com\/index.php\/shop\/"},{"@type":"ListItem","position":3,"name":"Filet \u00e0 savons"}]},{"@type":"WebSite","@id":"https:\/\/aufildeno.com\/#website","url":"https:\/\/aufildeno.com\/","name":"Au Fil d&#039;Eno","description":"","potentialAction":[{"@type":"SearchAction","target":{"@type":"EntryPoint","urlTemplate":"https:\/\/aufildeno.com\/?s={search_term_string}"},"query-input":{"@type":"PropertyValueSpecification","valueRequired":true,"valueName":"search_term_string"}}],"inLanguage":"fr-FR"}]}},"jetpack_sharing_enabled":true,"_links":{"self":[{"href":"https:\/\/aufildeno.com\/index.php\/wp-json\/wp\/v2\/product\/204","targetHints":{"allow":["GET"]}}],"collection":[{"href":"https:\/\/aufildeno.com\/index.php\/wp-json\/wp\/v2\/product"}],"about":[{"href":"https:\/\/aufildeno.com\/index.php\/wp-json\/wp\/v2\/types\/product"}],"replies":[{"embeddable":true,"href":"https:\/\/aufildeno.com\/index.php\/wp-json\/wp\/v2\/comments?post=204"}],"wp:featuredmedia":[{"embeddable":true,"href":"https:\/\/aufildeno.com\/index.php\/wp-json\/wp\/v2\/media\/838"}],"wp:attachment":[{"href":"https:\/\/aufildeno.com\/index.php\/wp-json\/wp\/v2\/media?parent=204"}],"wp:term":[{"taxonomy":"product_brand","embeddable":true,"href":"https:\/\/aufildeno.com\/index.php\/wp-json\/wp\/v2\/product_brand?post=204"},{"taxonomy":"product_cat","embeddable":true,"href":"https:\/\/aufildeno.com\/index.php\/wp-json\/wp\/v2\/product_cat?post=204"},{"taxonomy":"product_tag","embeddable":true,"href":"https:\/\/aufildeno.com\/index.php\/wp-json\/wp\/v2\/product_tag?post=204"}],"curies":[{"name":"wp","href":"https:\/\/api.w.org\/{rel}","templated":true}]}}